t i(s) = -s**3 + 29*s**2 - 120*s + 486. Determine i(25).
-14
Let b(n) = 10*n - 231. What is b(20)?
-31
Let g(p) = -16*p - 529. Determine g(-33).
-1
Let u(i) = 2365*i - 85146. Determine u(36).
-6
Let w(y) = -y**3 - 14*y**2 - 18*y + 35. What is w(-9)?
-208
Let i(m) = 2*m**3 + 46*m**2 + 35*m. Calculate i(-22).
198
Let j(k) = 36*k**2 + 162*k + 161. Calculate j(-1).
35
Let g(n) = -301*n + 29. Determine g(0).
29
Let j(i) = -i**3 + 66*i**2 + 69*i - 99. Determine j(67).
35
Let d(p) = p**2 - 3*p - 820. Give d(32).
108
Let q(s) = s**3 - 7*s**2 - 4*s - 11. Calculate q(6).
-71
Let c(k) = -7*k + 441. What is c(39)?
168
Let d(a) = a**2 - 22*a + 209. Calculate d(11).
88
Let n(i) = 3*i**3 + 29*i**2 - 22*i - 103. Determine n(-10).
17
Let k(z) = -21*z - 231. Determine k(-13).
42
Let a(q) = -26*q - 1135. Calculate a(-48).
113
Let p(f) = 2*f**2 - 89*f + 97. Determine p(47).
332
Let d(s) = 10*s - 18. Determine d(-24).
-258
Let a(t) = t**2 + 218*t + 11853. What is a(-114)?
-3
Let v(b) = -58*b - 87. Calculate v(4).
-319
Let z(o) = -2611*o - 109645. Give z(-42).
17
Let g(t) = -2*t**2 + 11*t + 183. What is g(17)?
-208
Let v(d) = -59*d + 7. Calculate v(3).
-170
Let x(q) = -79*q - 47. What is x(3)?
-284
Let i(d) = -5*d**3 - 3*d - 4. Calculate i(3).
-148
Let l(p) = 3*p**2 - 57*p + 181. What is l(15)?
1
Let y(l) = 4*l**2 - 98*l + 535. Give y(19).
117
Let v(b) = -10*b**2 - 87*b + 36. Give v(-9).
9
Let u(d) = d**2 - 418*d + 4990. What is u(12)?
118
Let j(d) = d**3 + 54*d**2 + 152*d + 106. Give j(-51).
157
Let i(x) = -x**3 + 79*x**2 + 522*x - 967. Give i(85).
53
Let y(z) = -21*z**2 - 24*z + 25. Determine y(1).
-20
Let u(z) = -z**2 - 38*z - 69. Give u(-32).
123
Let c(r) = r**3 + 3*r**2 - 38*r + 47. Give c(7).
271
Let j(o) = -o**3 - 8*o**2 - 161*o - 593. What is j(-4)?
-13
Let u(x) = -3176*x + 44439. What is u(14)?
-25
Let w(m) = m**3 - 5*m**2 - 196*m + 99. Give w(-12).
3
Let v(q) = 83*q**2 - 256*q + 5. What is v(3)?
-16
Let k(x) = x**2 - 30*x + 143. Calculate k(30).
143
Let l(k) = 9*k**2 + 159*k + 28. Give l(-18).
82
Let k(j) = 41*j + 306. Calculate k(-7).
19
Let h(x) = -x**2 + 51*x + 272. Determine h(51).
272
Let l(g) = 117*g + 4074. Determine l(-35).
-21
Let u(f) = -f**2 - 5*f - 2. Give u(-12).
-86
Let l(c) = 24*c + 1108. Calculate l(-44).
52
Let y(k) = -54*k + 273. Determine y(5).
3
Let f(a) = a**3 - 4*a**2 - 32*a + 117. Give f(4).
-11
Let i(f) = -f**3 - 101*f**2 + 101*f - 123. Determine i(-102).
-21
Let d(m) = -122*m + 752. Calculate d(6).
20
Let b(x) = 2*x**3 - 53*x**2 - 31*x + 111. Calculate b(27).
3
Let v(a) = -a**2 + 4*a - 1. Calculate v(-14).
-253
Let k(m) = -m**3 - 82*m**2 - 236*m - 6078. What is k(-80)?
2
Let v(l) = 4*l**2 - 59*l + 6. What is v(15)?
21
Let n(b) = -138*b + 259. Calculate n(2).
-17
Let d(v) = -v**3 + 49*v**2 - 45*v - 72. Give d(48).
72
Let w(s) = -11*s + 246. Calculate w(11).
125
Let k(w) = 140*w + 4612. What is k(-33)?
-8
Let a(r) = 183*r - 195. Calculate a(1).
-12
Let i(w) = 2*w**2 + 46*w - 235. Give i(-34).
513
Let l(g) = 53*g - 64. Give l(-2).
-170
Let r(u) = -29*u + 419. What is r(17)?
-74
Let n(g) = -g + 85. Give n(32).
53
Let b(d) = -126*d - 858. What is b(-7)?
24
Let p(k) = k + 34. Determine p(10).
44
Let l(b) = -b**2 - 32*b + 320. Give l(8).
0
Let x(n) = -n**3 + 91*n**2 - 80*n - 65. Calculate x(90).
835
Let o(a) = -a**2 - 340*a + 3124. Calculate o(9).
-17
Let g(r) = -r**2 - 22*r + 292. Give g(-31).
13
Let s(k) = 384*k**2 - 3053*k - 147. Calculate s(8).
5
Let j(d) = 205*d + 17005. Give j(-83).
-10
Let w(o) = o**2 - 22*o + 43. Give w(28).
211
Let z(a) = a**2 + 18*a - 2265. Calculate z(-58).
55
Let u(z) = 2*z**3 + 179*z**2 - 85*z + 450. Determine u(-90).
0
Let f(t) = -t**3 - 49*t**2 - 77*t + 836. Determine f(-47).
37
Let p(w) = w**3 - 49*w**2 + 3*w - 173. What is p(49)?
-26
Let n(v) = v**3 + 153*v**2 + 440*v - 43. Calculate n(-3).
-13
Let z(l) = -l**2 + 453*l - 7420. Calculate z(17).
-8
Let h(w) = 6*w**2 - 154*w + 63. What is h(25)?
-37
Let w(o) = o**2 - 60*o + 843. Calculate w(22).
7
Let z(y) = y**2 - 39*y - 567. Calculate z(50).
-17
Let t(v) = v**3 + 48*v**2 + 292*v + 199. Calculate t(-41).
-6
Let v(x) = 20*x - 10. Give v(4).
70
Let o(w) = -6*w**2 + 107*w - 480. Determine o(10).
-10
Let g(l) = 106*l - 4026. Give g(38).
2
Let i(k) = -5*k**2 - 18*k - 33. What is i(-2)?
-17
Let d(z) = 2*z**3 - 89*z**2 + 176*z - 5810. What is d(44)?
-2
Let j(w) = -11*w**2 + 9*w - 6. Calculate j(1).
-8
Let h(r) = -4*r**3 - 10*r**2 - 11*r - 5. What is h(-2)?
9
Let f(g) = g**3 - 8*g**2 - 163*g + 177. What is f(17)?
7
Let h(x) = -48*x**3 - 5*x + 7. Determine h(2).
-387
Let q(y) = 2*y**3 + 2*y**2 + 104*y + 307. Calculate q(-3).
-41
Let g(n) = 345*n - 10395. Give g(30).
-45
Let l(c) = -28*c - 67. Give l(-3).
17
Let k(x) = x**3 - 15*x**2 + 21*x - 183. What is k(16)?
409
Let y(d) = 5*d**3 + 59*d**2 + 13*d + 6. What is y(-12)?
-294
Let a(z) = z**2 + 23*z - 436. What is a(-34)?
-62
Let c(i) = i**3 + 84*i**2 + 241*i - 296. Give c(-81).
-134
Let t(u) = -u**2 + 467*u + 2841. Calculate t(-6).
3
Let z(m) = 200*m + 8652. Calculate z(-43).
52
Let z(p) = -p**2 + 94*p - 826. Give z(10).
14
Let i(b) = 170*b + 5257. Give i(-31).
-13
Let z(u) = -350*u + 2454. What is z(7)?
4
Let g(b) = -b**3 - 8*b**2 - 11*b - 5. Determine g(-7).
23
Let s(g) = 17*g + 31. Determine s(19).
354
Let z(u) = -5*u**2 + 14*u - 57. Give z(9).
-336
Let z(d) = 2*d**3 + 9*d**2 + 16*d - 2. Give z(-4).
-50
Let w(n) = 266*n - 3143. Determine w(12).
49
Let r(l) = 3*l**2 - 587*l + 3238. Give r(190).
8
Let w(f) = -107*f - 875. Calculate w(-8).
-19
Let g(i) = 52*i + 2902. Calculate g(-55).
42
Let n(o) = -33*o + 278. Calculate n(4).
146
Let a(b) = -b**2 - 687*b - 2059. Determine a(-3).
-7
Let y(w) = 98*w - 968. Calculate y(10).
12
Let k(d) = 1272*d + 8904. Determine k(-7).
0
Let m(p) = -44*p + 53. Give m(4).
-123
Let x(v) = v**3 - 21*v**2 - 36*v + 298. Give x(22).
-10
Let l(w) = -84*w - 648. Calculate l(-8).
24
Let z(n) = -n**3 - 17*n**2 + 113*n - 6. Give z(-22).
-72
Let m(o) = 2*o**2 - 59*o - 785. Give m(39).
-44
Let p(z) = 3*z**2 + z - 149. What is p(0)?
-149
Let n(k) = 78*k - 440. What is n(7)?
106
Let r(v) = v**3 + 16*v**2 + 30*v - 2. Give r(-11).
273
Let h(b) = b**3 - 2*b**2 - 34*b. Give h(0).
0
Let d(l) = l**3 - 12*l**2 - 22*l + 614. Give d(10).
194
Let d(x) = 3*x**2 - 43*x + 27. Calculate d(13).
-25
Let a(q) = 11*q**2 - 2*q - 2. Give a(-1).
11
Let p(a) = 6884*a - 13761. Calculate p(2).
7
Let z(g) = 607*g - 7298. Calculate z(12).
-14
Let n(x) = -x**2 + 13*x + 69. Calculate n(19).
-45
Let x(c) = -399*c - 19155. Determine x(-48).
-3
Let z(q) = -q**3 + 34*q**2 - 106*q + 399. Give z(31).
-4
Let j(y) = -5*y**2 - 37*y + 49. Determine j(-9).
-23
Let b(v) = -v**3 - v**2 - 20*v - 20. Give b(-3).
58
Let r(v) = -v**3 + 33*v**2 + 561*v - 945. Give r(45).
0
Let k(c) = -2*c - 30. Calculate k(-4).
-22
Let r(c) = 7*c**2 - 28*c + 59. What is r(10)?
479
Let c(x) = 3*x**3 - 18*x**2 - 7*x + 13. Determine c(7).
111
Let m(u) = 2*u**3 - 19*u**2 - 36*u + 224. Give m(10).
-36
Let f(l) = l**2 + 99*l - 116. Give f(0).
-116
Let l(f) = 2*f**2 - 45*f + 156. Calculate l(20).
56
Let j(l) = -l**3 + 40*l**2 - 395*l - 31. Calculate j(20).
69
Let o(g) = -367*g + 5474. Give o(15).
-31
Let v(c) = c**3 + 20*c**2 + 69*c + 794. Calculate v(-19).
-156
Let u(z) = z**3 + 14*z**2 - 19*z - 14. Give u(-15).
46
Let x(k) = k**3 - 59*k**2 + 274*k - 207. Determine x(54).
9
Let o(g) = 149*g - 592. What is o(4)?
4
Let p(i) = -717*i - 7171. Give p(-10).
-1
Let o(i) = 69*i + 45. Calculate o(-4).
-231
Let q(x) = 130*x - 439. What is q(4)?
81
Let l(k) = 23*k**2 - 2*k + 14. Calculate l(0).
14
Let c(z) = 4*z**2 - 18*z + 15. Calculate c(6).
51
Let i(m) = -4*m - 32. Calculate i(-5).
-12
Let d(n) = 9*n + 1915. Give d(-86).
1141
Let a(w) = 436*w - 2184. Determine a(5).
-4
Let p(u) = -57*u + 261. Calculate p(5).
-24
Let a(f) = -f**3 + 3*f**2 - 13*f - 1. Determine a(5).
-116
Let v(y) = 85*y - 16. Calculate v(-1).
-101
Let r(y) = -2*y**2 - 123*y + 242. What is r(-69)?
-793
Let o(j) = -66*j - 433. Give o(-7).
29
Let u(m) = -367*m - 815. Calculate u(-2).
-81
Let t(g) = -41*g**2 - 4019*g - 96. Give t(-98).
2
Let y(f) = 59*f**2 - 20*f + 49. What is y(3)?
520
Let h(r) = -r**3 + 11*r**2 + 9*r - 251. Calculate h(8).
13
Let y(f) = -f**3 + 28*f**2 + 35*f + 733. What is y(30)?
-17
Let 